z and 2?
2
Let w(b) = -b**2 + 4*b. Let d be w(3). Suppose -3*g + 57 = d. What is the highest common divisor of g and 72?
18
Suppose -3*h = -5*h + 20. Let m be 12/30 + 96/h. What is the highest common divisor of 4 and m?
2
Let w be -2 + 200/6 - 192/(-288). Calculate the greatest common divisor of w and 512.
32
Suppose 4*w + 129 = 5*w. Suppose -14 = 5*j - w. Suppose 2*k - 13 = j. What is the greatest common divisor of k and 9?
9
Let x(m) = 2*m - 1 + 11*m + 0 + 2*m**2. Let g = -63 + 54. Let o be x(g). Calculate the highest common divisor of o and 110.
22
Let t be -6 - 1/(3/(-126)). Calculate the greatest common factor of 54 and t.
18
Suppose 0 = 5*x - 940 + 300. What is the greatest common factor of 16 and x?
16
Let u = -56 + 152. Suppose -5*m + 295 = -5*x, -3 = 2*x - 13. Suppose 2*d + 56 = 5*d + 5*c, -c + m = 5*d. Calculate the greatest common factor of d and u.
12
Suppose -215 = -28*i + 765. Let p be (-1)/(-3) - (-20)/3. What is the greatest common factor of i and p?
7
Let j(s) = 48*s**2 - 22*s + 159. Let w be j(6). Calculate the highest common divisor of 65 and w.
65
Let f be 2*(-4)/8 + 0. Let t(j) = 44*j**2 - 3*j - 3. Let y be t(f). What is the greatest common divisor of y and 11?
11
Let m be (-2 - 35/(-25)) + 846/10. What is the greatest common divisor of m and 378?
42
Let k be (-288)/108 - 44/(-3). What is the greatest common factor of k and 606?
6
Suppose 5*m = -4*g + 160, 3*g - m - 97 - 42 = 0. Let r be -2*21/9*g/(-6). Calculate the highest common factor of r and 35.
35
Suppose 2*p = -4*b + b + 23, -b + 3*p = -15. Suppose 156 + 204 = 5*v. Calculate the highest common factor of v and b.
9
Let x = -391 - -562. Calculate the greatest common factor of 57 and x.
57
Let c be (-159)/(-265) + (-1874)/(-10). What is the highest common factor of 141 and c?
47
Let i be (-4 - -3 - 5)*-1. Suppose 2*t = 6*t + 12, 0 = 3*v - 4*t - 174. Calculate the greatest common divisor of v and i.
6
Suppose 15 = 2*u + u. Suppose -3*p - 138 = -u*p. Let z = p + -49. Calculate the greatest common divisor of 220 and z.
20
Let q(c) = 110*c**3 + c. Let v be q(1). Suppose -v = -6*r - 15. What is the highest common factor of r and 4?
4
Suppose -12 = 4*r - 0, -3*u - 5*r + 273 = 0. Let m be (1 - 14/8)*-12. Suppose -m*b + 8*b = -u. Calculate the highest common divisor of 12 and b.
12
Suppose 4*u - 715 = -283. Suppose 0 = -k - n - 23, 3*k - n = 2*k - 25. Let t be -4*(0 - 6 - k/8). What is the highest common divisor of u and t?
12
Let i(d) = 7*d**2 - 13*d + 232. Let j be i(15). Calculate the highest common factor of 52 and j.
52
Let z = -157 - -155. Let a be 35/(z/24 - (-2)/6). Calculate the greatest common factor of 56 and a.
28
Let r(j) = 546*j + 540*j + 5 - 1085*j. Let h be (6/(-2))/((-6)/8). Let a be r(h). Calculate the highest common divisor of 36 and a.
9
Suppose 117 = 4*s - 179. Suppose 0 = -2*b - 6, -4*u + b = s - 553. What is the greatest common divisor of u and 17?
17
Let a = -16 - -18. Suppose a*b - 3*b + x = 2, -24 = -4*b - 4*x. Let d be (1 + 7 - 0) + 2. What is the greatest common factor of d and b?
2
Let d(x) = x**2 + 13*x + 12. Let m be d(-16). Suppose 0 = -4*l + 20 + m. What is the highest common factor of l and 8?
4
Let l(h) = 5*h**2 - 2 - h**3 + 11*h + 2. Let k(s) = -s**3 + 9*s**2 - 7*s - 3. Let t be k(8). Let u be l(t). Calculate the highest common divisor of u and 11.
11
Suppose 5*t - 15 = 4*t. Suppose 2*w = 7*w - t. Suppose 560 = 4*b - w*d, 4*d = -3*b - 0*d + 445. What is the greatest common divisor of 13 and b?
13
Suppose 612*s - 596*s - 1072 = 0. Calculate the greatest common factor of 335 and s.
67
Let k be 2*11/(-6)*-9. Suppose 352 = 2*z - n + 86, -266 = -2*z + 3*n. Suppose -t + 98 = -z. Calculate the greatest common factor of t and k.
33
Let p(g) = g + 24. Let a be p(-18). Let n be 60/(-21)*14*(-3)/a. Calculate the highest common factor of 15 and n.
5
Let g = 5 + -47. Let n = -25 - g. What is the greatest common factor of n and 136?
17
Suppose 5*d = 4*v + 95, -3*d = -4*v - 54 - 35. Let a be ((-4)/(-12) - 0) + v/(-3). Calculate the greatest common divisor of a and 28.
7
Let c(w) = 2*w**2 + 12*w + 20. Let r be c(-6). Suppose -7*x + 48 = -162. Calculate the highest common divisor of x and r.
10
Let s = -270 - -81. Let r be s/(-15) - (3 + 36/(-15)). What is the greatest common divisor of r and 60?
12
Let p = 28 - 24. Suppose p*x = 5*x + 5*u - 33, 3*x - 87 = -3*u. Let y be 4/2 + 68/1. What is the highest common divisor of y and x?
14
Let q(n) = n**2 + 2*n - 15. Let c be q(-6). Calculate the highest common divisor of 126 and c.
9
Let x be (219/(-9) - 9)/(2/(-6)). What is the highest common divisor of 4 and x?
4
Let z(j) = 5 + 0 + 17*j + 3*j**2 - 18*j - 3. Let v be z(-1). Calculate the greatest common factor of v and 24.
6
Let g be (100/6)/((-1)/(-3)). Let x(i) = -15*i - 15. Let s(l) = -l. Let k(v) = -20*s(v) + x(v). Let m be k(5). Calculate the greatest common factor of m and g.
10
Let n(m) = 5*m**2 + 17*m + 36. Let o be n(-2). Suppose 0 = -3*j - b + 459, j - 2*j - 3*b = -145. Calculate the greatest common factor of o and j.
22
Suppose -6*i = -i - 20. Suppose 2*p - 4 = -8. Let f = p + 22. What is the highest common factor of i and f?
4
Let m = -8 + 13. Suppose m*r = -4*y - 26 + 381, 400 = 4*y - 4*r. Let i(a) = -a**2 - 25*a - 47. Let u be i(-22). Calculate the highest common divisor of y and u.
19
Let s be 37/5*25*(-3)/(-15). Calculate the highest common factor of s and 925.
37
Let l = 3174 + -2701. Calculate the greatest common factor of 344 and l.
43
Let t(p) = 13*p**3 + 10*p - 13 + 13*p**2 - 9*p**3 + 0*p**3 - 3*p**3. Let i be t(-12). Calculate the highest common divisor of i and 11.
11
Let f(z) = 436*z**2 - 15*z + 16. Let u be f(1). What is the greatest common factor of u and 38?
19
Let y(m) = -m**2 + 12*m. Let x be y(12). Suppose 5*i - 5 - 5 = x. Let r be (-1)/i*(-2 - 40). Calculate the highest common factor of 189 and r.
21
Let b be 1*(2 - (0 - 2)). Suppose -d + 10 = -45*v + 43*v, -13 = -d + 5*v. What is the greatest common divisor of d and b?
4
Suppose -2*p - 25 = -2*c + 7*c, 3*c = 2*p - 15. Suppose 5*x - 4*z - 60 = 105, 3*z = p. Calculate the highest common factor of x and 33.
33
Suppose 2 = s - 7. Suppose 3*a = 5*q + s, -15 = -5*a + q + q. What is the highest common factor of a and 21?
3
Let x be 8/(-10)*(-11 + 21). Let a = 10 + x. What is the highest common divisor of 18 and a?
2
Let h = 85 + -77. What is the highest common factor of 8 and h?
8
Let m(s) = s**3 - 6*s**2 - 12*s + 67. Let f be m(7). Calculate the greatest common factor of f and 20.
4
Let m = -65 + 93. Let b be (-24)/14*m/(-8). Let z be (b - -1)*12/7. What is the highest common factor of 84 and z?
12
Let s(d) = -10*d - 6. Let q be s(-5). Let b = q - 20. Calculate the greatest common factor of 60 and b.
12
Let r = -1164 - -1264. Calculate the highest common factor of 2000 and r.
100
Let c be -17*(-1*15)/3. Suppose 3*k = -4*o + 19 + 49, -3*k - 51 = -3*o. Calculate the highest common factor of o and c.
17
Suppose -4*i - 2 = -v, -2*v + 2*i = -i - 4. Suppose 2*q - 68 = -t, -5*q = t + 4*t - 180. Suppose -6*h - 2*h = -q. What is the highest common divisor of h and v?
2
Suppose 18*c + 7*c - 1925 = 0. Let y = -45 - -100. Calculate the greatest common divisor of c and y.
11
Let p(m) = m**3 + 8*m**2 - 2*m - 10. Let t be p(-8). Suppose h = -4*o - 8, -2*o + t*o = -2*h. Let n = -24 + 44. Calculate the highest common factor of n and h.
4
Let i = -10 - -17. Suppose -33 = -8*v + 23. What is the highest common divisor of i and v?
7
Let p(c) be the third derivative of c**5/30 - 7*c**4/24 + c**3 - c**2. Let i be p(5). Suppose 5*j + 6 = i. Calculate the highest common divisor of j and 33.
3
Let v be 4/6*((-2 - -4) + 70). Let m be (v/10)/(-4 + (-21)/(-5)). What is the highest common divisor of m and 264?
24
Let l = 1055 + -1003. Calculate the highest common divisor of l and 351.
13
Let f(z) be the third derivative of -z**4/6 - z**3/6 + 3*z**2. Let d be f(-1). Let x be -1 - 26/(-5 + d). Calculate the highest common divisor of x and 24.
12
Suppose u + 0 - 19 = 0. Let p = 32 - u. Suppose 10*t = p*t - 54. What is the highest common factor of t and 9?
9
Let i(n) = -2*n**3 - 3*n**2 - n + 1. Let f be (-2)/(-3) + (-70)/(-21). Suppose f*g + 0 = -8. Let h be i(g). What is the greatest common divisor of 63 and h?
7
L